4*h - 19. Let d = g + -4. Suppose -15 = -d*p - l, 0 = -3*p + 5*l - 6 + 39. List the prime factors of p.
2, 3
Suppose -g - 8 = -3*g. Suppose q - 3 = -s, 5*q - 3 = g*s + 3. Suppose 32 = 2*c + q*c. List the prime factors of c.
2
Let f(g) = -g**3 + 11*g**2 - 28*g + 2. What are the prime factors of f(7)?
2
List the prime factors of (1422/(-12))/((-9)/84).
2, 7, 79
Let m = -10 - -123. Let y = 263 - m. List the prime factors of y.
2, 3, 5
Suppose -107 - 45 = -2*q. Let y = 111 - q. What are the prime factors of y?
5, 7
Let i(a) = 4*a**2 - 3*a - 1. Let s be i(-2). Let f(g) = -g - 1. Let m be f(-8). Suppose -s = -2*o - m. List the prime factors of o.
7
Let i = 193 + 4032. What are the prime factors of i?
5, 13
Suppose -23*k + 2686 = -10884. List the prime factors of k.
2, 5, 59
Let c = -34 + 25. List the prime factors of c/(-6)*20/15.
2
Suppose 2*u - 4*d - 5 = 5, 3*u - 3*d - 12 = 0. Suppose 4*r - 5 = -u*o + 2, -2*o + 2*r + 14 = 0. Suppose -5 = -2*g + o. What are the prime factors of g?
5
What are the prime factors of (2217 + -8 - 4) + 5?
2, 5, 13, 17
Let q = -7 - -12. Let v(c) = c - 2. Let j be v(q). Suppose -j*l + 54 = -15. List the prime factors of l.
23
Let j(b) = -b**3 - 2*b**2 + 2*b + 2. Let a be j(-3). Suppose -173 = -a*g + 112. What are the prime factors of g?
3, 19
Let r = 522 + -156. List the prime factors of r.
2, 3, 61
List the prime factors of 6/2 + -5 - -354.
2, 11
Suppose 10 = -4*v + 3*t, 2*v + 0*t + 14 = -3*t. Let r(o) = 8*o**2 - 6*o - 37. What are the prime factors of r(v)?
5, 23
Suppose 2*i - 221 = o, -551 = -4*i - i + 2*o. What are the prime factors of i?
109
Suppose 5*d - 10 - 5 = 0. Suppose 0 - 4 = -4*w, a - d*w = 73. What are the prime factors of a?
2, 19
Suppose -4*p - 9 = -y + 6*y, 0 = -4*p - 2*y + 6. Let r be (-30)/p*2/3. What are the prime factors of (-3)/2*(r + -1)?
3
Let b = -43 - -47. Suppose -a + 3*g = -0*g - 179, a = -b*g + 165. List the prime factors of a.
173
List the prime factors of ((-36)/(-30))/(6/(-3345))*-4.
2, 3, 223
Suppose -3*c + 7*c + 4*t = -4, 0 = -3*c - 5*t - 5. Suppose c*q + 5 = q + 2*u, 15 = 2*q + 5*u. Let x = 15 + q. What are the prime factors of x?
2, 5
Suppose -31350 = -149*l + 92*l. What are the prime factors of l?
2, 5, 11
Let i = -89 - -91. Suppose -4*h + i*h + q + 147 = 0, 5*q + 279 = 4*h. List the prime factors of h.
2, 19
Suppose -h = 4*j - 24, 0*j = 2*h + 3*j - 28. Let w(i) = i + 4. Let g(f) = -1. Let k(z) = 18*g(z) + 4*w(z). What are the prime factors of k(h)?
2, 3, 5
Let z(d) = 27*d - 47. What are the prime factors of z(27)?
2, 11, 31
Let w = -51 - 19. Let f be ((-8)/5)/(2/w). Let x = -38 + f. What are the prime factors of x?
2, 3
Let y(a) = -a**2 - 11*a - 6. Suppose -6 = -2*c + 4*i - 2, 0 = 5*c + 5*i + 65. What are the prime factors of y(c)?
2, 3
Suppose -2*c - x + 5 = 0, 16 = 4*c - x - 3. Let h(y) = y + 2*y**3 - 3*y**3 + 2*y + 4*y**2. List the prime factors of h(c).
2, 3
Let b(w) be the second derivative of -7*w**4/6 + w**3/2 - 3*w. Let h be b(2). Let q = 70 + h. What are the prime factors of q?
2, 5
Suppose -j + 46 = 2*x, x + 4*j = -j + 32. Suppose 3*d - x = 5. Suppose -3*a = -21 + d. What are the prime factors of a?
2
Let u(l) = 29*l**2 + 4*l - 25. List the prime factors of u(-5).
2, 5, 17
Let m(o) = -15*o + 5. Let t be m(-4). Let f = t - 47. What are the prime factors of f?
2, 3
Let j = 49 - 57. Let v(w) = w**2 - 6*w + 8. What are the prime factors of v(j)?
2, 3, 5
Let j(p) = 18*p - 2. Let a be j(1). Suppose 0 = -3*q - 4 + a. Suppose 5*t + q*l = 100, -4*l - 2 = t - 38. What are the prime factors of t?
2
Suppose -3693 = -7*t + 4728. List the prime factors of t.
3, 401
Let q(i) = -i**3 - i**2 - i. Let u be q(0). Suppose u = -16*n + 2*n + 826. List the prime factors of n.
59
Let u(f) = -7*f - 3. Let b(h) = 54*h + 51. Let i(y) = 11*y + 10. Let d(w) = 4*b(w) - 21*i(w). Let k(a) = 6*d(a) - 13*u(a). List the prime factors of k(1).
2
Suppose 61*s + 110 = 56*s. List the prime factors of 3/2*4*s/(-3).
2, 11
Let w(i) = 0 - 4 + 212*i**2 + 5. What are the prime factors of w(1)?
3, 71
Let q be (25/(-10) - -2)*-4. Suppose -q*f - 9 = 9. What are the prime factors of 6/9 - 192/f?
2, 11
Let u(m) = 2*m**3 + m**2 - 2*m + 82. Let v be u(0). Let d = 7 + -2. Suppose -v = -3*x + 5*w, w + 126 = d*x - 2*w. List the prime factors of x.
2, 3
Let k(c) = 147*c - 62. What are the prime factors of k(4)?
2, 263
Let j = -214 + 416. Suppose 5*p - 103 = j. What are the prime factors of p?
61
What are the prime factors of (90 + 3587)*(1 + 0)?
3677
Let x(q) = -10*q - 61. Let l be x(-6). List the prime factors of 1 + (l/4 - (-3367)/28).
11
Let u be 1*(-6)/(-4)*(-32)/(-12). List the prime factors of -1*(u - (74 + -3)).
67
Suppose 4*m + 733 = -339. Let i = 474 + m. What are the prime factors of i?
2, 103
Let u = -31 - -31. Let b(v) = -2*v + 29. List the prime factors of b(u).
29
Let y(n) = -5 + 15*n**2 - 20*n**2 + 0 + 6*n + 3 - n**3. Let d = -4 + -3. What are the prime factors of y(d)?
2, 3
Suppose -20*h = -21*h + 4, 2*h = -2*l + 630. List the prime factors of l.
311
Let k = -2 - -7. Let m(t) = 6*t**3 + 6*t**2 - 2*t - 13. Let l(x) = 5*x**3 + 6*x**2 - 2*x - 12. Let w(d) = k*l(d) - 4*m(d). List the prime factors of w(-6).
2
Let y(o) = 6*o - 27. Suppose 16 = 4*j - 3*j. Let s be y(j). What are the prime factors of s/4 + 1/(-4)?
17
Suppose 2*v + 2*v - 75 = -s, 4*s - 12 = 0. Suppose 3*z - 2*b = b + 12, 3*z + 3*b + v = 0. List the prime factors of 27 - z - 68/(-17).
2
Suppose -2*c + 7 = -1. Let t be (-3)/6 + 14/c. Let j(v) = v**3 - 2*v**2 + 2*v - 4. List the prime factors of j(t).
11
Suppose 0 = -0*u + 2*u + 3*y - 2, -4*y = 5*u - 12. Suppose u*g = 5*g - 31. What are the prime factors of g?
31
Let p(w) = 6*w**2 + 27*w + 10. What are the prime factors of p(-7)?
5, 23
Suppose 3*h - 6*p - 3150 = -9*p, 4*h + 3*p - 4198 = 0. What are the prime factors of h?
2, 131
Suppose -5*x = x + 1200. What are the prime factors of x/(-1) + (-15)/(3 + 2)?
197
List the prime factors of (37 - -2)/(0 - -1).
3, 13
Let k(f) = -f**3 + 3*f**2 + 4*f - 6. Let h be k(4). Let x(b) = -2*b - 9. List the prime factors of x(h).
3
Let u = 81 - 252. List the prime factors of (-25612)/u + 2/9.
2, 3, 5
Let j(u) = -4*u**2 + 4*u + 9. Let t(c) = -3*c**2 + 5*c + 8. Let r(h) = -2*j(h) + 3*t(h). List the prime factors of r(6).
2, 3
Let v(u) = 20*u**3 - 7*u**2 - u + 9. What are the prime factors of v(3)?
3, 7, 23
Let c(z) = -2*z + 456. List the prime factors of c(-34).
2, 131
Let u(o) = 3*o**3 + o**2 + 9*o + 2. Let w be u(3). Let p be 0 + 1 + 7/1. Suppose b = p*b - w. List the prime factors of b.
17
Let z(k) = -12*k + k + 7*k. What are the prime factors of z(-4)?
2
Suppose 3*r = 201 - 33. What are the prime factors of (4 + r/(-20))*5?
2, 3
Let k = 272 + -149. Suppose 13*u - 10*u = k. List the prime factors of u.
41
Suppose -19 = -5*c + 41. List the prime factors of (318*(-3)/(-12))/(c/16).
2, 53
Let k be 1 - (-6 + 4 + -1). Suppose k*h + h + 4*g = 215, -2*g = -2*h + 68. What are the prime factors of h?
3, 13
Suppose 3*s - 12 + 0 = -w, w + 2*s = 10. Suppose -40 = w*x - 10. Let k = x + 56. List the prime factors of k.
3, 17
Let b(x) = 7*x - 19. Let q be b(-9). Let m = 115 + q. What are the prime factors of m?
3, 11
Let x(f) = 4*f - 43. Let d(v) = 3*v - 42. Let s(i) = -5*d(i) + 4*x(i). What are the prime factors of s(-16)?
2, 11
Let s(d) = 545*d**3 - 2*d**2 + 5*d - 3. List the prime factors of s(1).
5, 109
Suppose 0 = -14*h + 1268 + 622. Let y = 146 - h. What are the prime factors of y?
11
Let v = 39 - -31. Suppose v = 6*q - q. List the prime factors of q.
2, 7
Suppose 17 = 11*b - 27. Suppose b*v - 5 = 3, -2*j - 4*v + 498 = 0. What are the prime factors of j?
5, 7
List the prime factors of (-4)/6 - ((-1284)/(-18))/(-2).
5, 7
Let h(r) = 2*r**2 - r - 3. Let a be h(-3). Let q = -12 + 17. Let p = a + q. List the prime factors of p.
23
Let y(n) = -2*n**2 + 7*n - 7. Let c be y(7). Let j = -40 - c. Suppose -s - 9 = 5*h - 2, -2*h = -4*s + j. What are the prime factors of s?
3
Let j(s) = s + 9. Let g be j(-11). List the prime factors of 0 - 3/2 - 353/g.
5, 7
Suppose -15899 = -22*s + 1283. List the prime factors of s.
11, 71
Suppose -2*m - 24 = -4*g, 0 = -4*g - 2*m - 1 + 9. Let x(z) = -g*z - 3*z**2 - 3*z**2 + 6 + z + 7*z**2. What are the prime factors of x(7)?
2, 17
Let p = -158 + 325. Let j 